 853 a multiple of 88?
False
Does 72 divide 10193?
False
Is 313 a multiple of 3?
False
Is 26648 a multiple of 8?
True
Is 10 a factor of 3459?
False
Is 1405 even?
False
Is 15368 a multiple of 27?
False
Does 4 divide 457?
False
Does 18 divide 41?
False
Is 843 a multiple of 12?
False
Is 5624 a multiple of 15?
False
Is 2146 a multiple of 74?
True
Is 4690 a multiple of 70?
True
Is 77 a factor of 1232?
True
Is 13364 a multiple of 13?
True
Is 93 a factor of 12374?
False
Is 9 a factor of 21?
False
Is 364 a factor of 51324?
True
Is 8280 a multiple of 23?
True
Is 9 a factor of 4641?
False
Does 11 divide 440?
True
Does 12 divide 492?
True
Is 70 a factor of 66780?
True
Does 37 divide 1366?
False
Is 41 a factor of 1916?
False
Does 11 divide 2381?
False
Is 1024 a multiple of 7?
False
Is 692 a multiple of 21?
False
Is 2520 a multiple of 36?
True
Is 69 a factor of 18729?
False
Does 126 divide 7560?
True
Is 1110 a multiple of 74?
True
Does 168 divide 27384?
True
Is 10 a factor of 2913?
False
Is 4 a factor of 14028?
True
Is 44 a factor of 6728?
False
Is 13 a factor of 247?
True
Is 18722 a multiple of 20?
False
Is 11 a factor of 748?
True
Is 7 a factor of 10?
False
Does 16 divide 42907?
False
Is 9 a factor of 1377?
True
Is 2424 a multiple of 101?
True
Is 134 a factor of 84018?
True
Does 31 divide 3844?
True
Does 54 divide 270?
True
Does 323 divide 66974?
False
Is 8848 a multiple of 7?
True
Is 329 a multiple of 7?
True
Is 104 a multiple of 6?
False
Is 4 a factor of 10452?
True
Does 3 divide 564?
True
Is 5 a factor of 469?
False
Is 66 a multiple of 2?
True
Does 44 divide 704?
True
Is 9 a factor of 701?
False
Is 667 a multiple of 24?
False
Does 8 divide 8217?
False
Does 8 divide 302?
False
Is 3198 a multiple of 41?
True
Does 11 divide 77?
True
Is 6347 a multiple of 11?
True
Is 762 a multiple of 62?
False
Does 78 divide 390?
True
Is 22572 a multiple of 57?
True
Is 16 a factor of 97871?
False
Does 12 divide 227?
False
Is 7 a factor of 5558?
True
Is 572 a multiple of 44?
True
Is 61694 a multiple of 25?
False
Is 15 a factor of 5350?
False
Is 35 a factor of 919?
False
Is 1221 a multiple of 45?
False
Does 162 divide 38880?
True
Is 49 a factor of 3675?
True
Does 58 divide 6595?
False
Is 2 a factor of 1337?
False
Does 4 divide 1328?
True
Is 79046 a multiple of 11?
True
Is 61356 a multiple of 332?
False
Is 5910 a multiple of 15?
True
Is 420 a multiple of 53?
False
Is 18 a factor of 252?
True
Does 10 divide 23?
False
Does 3 divide 882?
True
Is 80 a multiple of 10?
True
Is 13 a factor of 1222?
True
Is 85 a factor of 2635?
True
Is 951 a multiple of 17?
False
Is 20 a factor of 6660?
True
Is 8555 a multiple of 74?
False
Is 884 a multiple of 15?
False
Does 11 divide 1636?
False
Does 15 divide 5975?
False
Is 79 a factor of 26149?
True
Does 31 divide 552?
False
Does 116 divide 49068?
True
Does 10 divide 25330?
True
Is 1364 a multiple of 93?
False
Does 11 divide 16135?
False
Is 65 a multiple of 36?
False
Does 13 divide 5564?
True
Is 22 a factor of 308?
True
Is 3 a factor of 4674?
True
Is 5396 a multiple of 38?
True
Is 434 a multiple of 29?
False
Does 3 divide 79?
False
Is 23 a factor of 21850?
True
Does 14 divide 5154?
False
Does 62 divide 5580?
True
Does 14 divide 56?
True
Is 36 a factor of 4068?
True
Is 6195 a multiple of 15?
True
Is 37 a factor of 6364?
True
Is 40 a factor of 1291?
False
Does 3 divide 260?
False
Is 284 a factor of 31808?
True
Is 358 a multiple of 2?
True
Is 498 a multiple of 3?
True
Is 30 a factor of 37320?
True
Is 8505 a multiple of 15?
True
Is 13400 a multiple of 5?
True
Does 16 divide 957?
False
Is 40 a factor of 160?
True
Is 1507 a multiple of 7?
False
Is 4838 a multiple of 41?
True
Is 15818 a multiple of 21?
False
Is 6 a factor of 960?
True
Does 40 divide 680?
True
Does 8 divide 22580?
False
Is 4671 a multiple of 20?
False
Is 80 a multiple of 10?
True
Is 51 a factor of 1122?
True
Is 46 a factor of 19782?
False
Does 11 divide 5071?
True
Is 48984 a multiple of 26?
True
Is 2789 a multiple of 106?
False
Is 28 a factor of 17976?
True
Is 4143 a multiple of 65?
False
Is 11 a factor of 352?
True
Does 10 divide 55852?
False
Is 20124 a multiple of 43?
True
Is 2475 a multiple of 61?
False
Is 152 a factor of 5320?
True
Is 2 a factor of 179?
False
Is 13 a factor of 26?
True
Is 637 a multiple of 21?
False
Is 672 a multiple of 112?
True
Does 29 divide 2639?
True
Is 41 a factor of 3690?
True
Does 6 divide 2734?
False
Is 1904 a multiple of 17?
True
Does 5 divide 2568?
False
Does 11 divide 135?
False
Is 15 a factor of 420?
True
Is 1430 a multiple of 42?
False
Is 41830 a multiple of 47?
True
Is 13 a factor of 143?
True
Is 26015 a multiple of 43?
True
Is 37 a factor of 771?
False
Is 2133 a multiple of 3?
True
Does 2 divide 762?
True
Is 9 a factor of 1619?
False
Is 7 a factor of 11103?
False
Is 16 a factor of 726?
False
Is 99026 a multiple of 23?
False
Is 983 a multiple of 16?
False
Is 230 a multiple of 115?
True
Is 35336 a multiple of 70?
False
Is 4840 a multiple of 22?
True
Is 34 a factor of 2720?
True
Does 15 divide 949?
False
Is 12 a factor of 40293?
False
Is 72 a multiple of 18?
True
Does 17 divide 6323?
False
Does 115 divide 27020?
False
Is 33 a factor of 825?
True
Does 43 divide 344?
True
Is 172 a factor of 57276?
True
Is 1117 a multiple of 25?
False
Is 446 a multiple of 33?
False
Does 44 divide 37538?
False
Does 278 divide 15341?
False
Does 25 divide 50?
True
Is 22 a factor of 506?
True
Is 17 a factor of 187?
True
Does 7 divide 40362?
True
Does 127 divide 2700?
False
Is 64004 a multiple of 23?
False
Is 5920 a multiple of 74?
True
Is 24777 a multiple of 4?
False
Does 206 divide 10300?
True
Does 58 divide 22736?
True
Is 10860 a multiple of 20?
True
Does 24 divide 18360?
True
Is 701 a multiple of 11?
False
Is 10 a factor of 5667?
False
Does 4 divide 172?
True
Is 18 a factor of 129178?
False
Is 45 a factor of 18315?
True
Does 31 divide 36207?
False
Is 3 a factor of 2525?
False
Is 2453 a multiple of 4?
False
Is 11 a factor of 121?
True
Is 113 even?
False
Is 630 a multiple of 45?
True
Is 67 a factor of 383?
False
Does 180 divide 1260?
True
Is 2142 a multiple of 7?
True
Is 31 a factor of 8386?
False
Is 25 a factor of 4400?
True
Is 4185 a multiple of 155?
True
Does 36 divide 3557?
False
Does 5 divide 1299?
False
Is 143 a multiple of 3?
False
Does 266 divide 17173?
False
Is 3201 a multiple of 57?
False
Is 148 even?
True
Is 24012 a multiple of 46?
True
Does 7 divide 14?
True
Does 155 divide 310?
True
Does 2 divide 7026?
True
Is 1333 a multiple of 11?
False
Is 1691 a multiple of 18?
False
Does 14 divide 8784?
False
Is 1414 a multiple of 7?
True
Is 34 a factor of 3862?
False
Does 7 divide 476?
True
Is 14 a factor of 472?
False
Is 45 a factor of 8595?
True
Is 735 a multiple of 3?
True
Does 59 divide 4115?
False
Does 22 divide 14762?
True
Does 70 divide 17083?
False
Is 48909 a multiple of 91?
False
Is 90 a factor of 12060?
True
Does 6 divide 1202?
False
Is 85 a factor of 3980?
False
Does 8 divide 1410?
False
Does 14 divide 135?
False
Is 109 a factor of 3963?
False
Is 400 a multiple of 50?
True
Does 12 divide 216?
True
Does 29 divide 1131?
True
Is 2530 a multiple of 18?
False
Does 19 divide 20693?
False
Is 78736 a multiple of 266?
True
Is 18988 a multiple of 22?
False
Is 14003 a multiple of 19?
True
Is 1285 a multiple of 7?
False
Does 15 divide 120?
True
Does 47 divide 20210?
True
Is 527 even?
False
Is 11 a factor of 616?
True
Does 86 divide 20898?
True
Is 10 a factor of 890?
True
Is 2505 a multiple of 5?
True
Is 1008 a multiple of 36?
True
Does 23 divide 2812?
False
Is 2 a factor of 21?
False
Does 177 divide 927?
False
Is 47 a factor of 3948?
True
Does 27 divide 2665?
False
Is 20 a factor of 560?
True
Does 116 divide 5800?
True
Does 7 divide 19122?
False
Is 6 a factor of 261?
False
Is 217 a factor of 2170?
True
Does 71 divide 13899?
False
Does 104 divide 67463?
False
Is 12 a factor of 2496?
True
Does 12 divide 9876?
True
Is 47 a factor of 155?
False
Does 17 divide 1552?
False
Does 24 divide 167?
False
Does 14 divide 8592?
False
Is 26112 a multiple of 48?
True
Is 269 a multiple of 54?
False
Is 18 a factor of 13932?
True
Is 218 a multiple of 35?
False
Does 24 divide 2544?
True
Does 31 divide 31?
True
Is 410 a multiple of 5?
True
Does 20 divide 9438?
False
Is 5 a factor of 215?
True